site number?
False
Is 5721 a prime number?
False
Is 593053 prime?
False
Is 10499 composite?
False
Is 3683 composite?
True
Is 21059 a composite number?
False
Is 29173 composite?
False
Is 199189 a composite number?
True
Is 32933 prime?
True
Is 3277 a prime number?
False
Is 142097 composite?
False
Is 80633 composite?
True
Is 12013 composite?
True
Is 613237 composite?
True
Is 633117 a prime number?
False
Is 102302 composite?
True
Is 27533 prime?
False
Is 263 a composite number?
False
Is 2068109 composite?
False
Is 337189 prime?
True
Is 79307 a composite number?
True
Is 142549 composite?
True
Is 128021 prime?
True
Is 4019 prime?
True
Is 10597 a composite number?
False
Is 19661 a composite number?
False
Is 424127 a composite number?
True
Is 36471 a prime number?
False
Is 1104595 a prime number?
False
Is 28109 a composite number?
False
Is 4493 a composite number?
False
Is 12053 composite?
True
Is 31 a prime number?
True
Is 203465 a composite number?
True
Is 14503 composite?
False
Is 15863 composite?
True
Is 43607 prime?
True
Is 54101 a composite number?
False
Is 4279 prime?
False
Is 5767 prime?
False
Is 9943 a prime number?
False
Is 3937 composite?
True
Is 59101 prime?
False
Is 5209 composite?
False
Is 272651 a prime number?
True
Is 267887 a prime number?
True
Is 61331 a prime number?
True
Is 17291 a prime number?
True
Is 29227 prime?
False
Is 934367 a composite number?
True
Is 147377 composite?
False
Is 35363 composite?
False
Is 15161 composite?
False
Is 2581 a prime number?
False
Is 387577 a prime number?
True
Is 133349 prime?
True
Is 25177 a composite number?
True
Is 28691 a prime number?
False
Is 41119 a composite number?
True
Is 6033 composite?
True
Is 831 prime?
False
Is 31531 composite?
False
Is 4751 a composite number?
False
Is 85381 composite?
False
Is 325129 prime?
False
Is 89135 a composite number?
True
Is 46399 a prime number?
True
Is 28807 prime?
True
Is 148027 a composite number?
True
Is 232201 prime?
False
Is 10999 composite?
True
Is 41857 prime?
False
Is 70753 a composite number?
False
Is 8657 a prime number?
False
Is 80467 a composite number?
True
Is 211093 a composite number?
False
Is 301099 prime?
False
Is 470273 a composite number?
True
Is 1399 prime?
True
Is 2819 composite?
False
Is 1753643 prime?
False
Is 10529 a composite number?
False
Is 86803 a composite number?
True
Is 131201 a prime number?
False
Is 105503 composite?
False
Is 249943 a prime number?
True
Is 41999 composite?
False
Is 3719 a composite number?
False
Is 2739566 a prime number?
False
Is 26951 composite?
False
Is 27403 a composite number?
True
Is 270899 a prime number?
True
Is 26801 a prime number?
True
Is 8999 a composite number?
False
Is 1631171 composite?
False
Is 8013 a composite number?
True
Is 9089 prime?
False
Is 119221 a composite number?
True
Is 65613 composite?
True
Is 94687 a composite number?
False
Is 814447 a prime number?
True
Is 29947 a prime number?
True
Is 192243 a composite number?
True
Is 144659 composite?
False
Is 780253 composite?
False
Is 54907 prime?
True
Is 453877 composite?
False
Is 1812463 prime?
False
Is 63901 a prime number?
True
Is 58831 prime?
True
Is 715601 a prime number?
False
Is 150649 composite?
False
Is 155069 a prime number?
True
Is 37705 composite?
True
Is 117989 a composite number?
False
Is 366617 prime?
False
Is 751 prime?
True
Is 29941 prime?
False
Is 1189 a composite number?
True
Is 24659 a prime number?
True
Is 311482 a composite number?
True
Is 1937 composite?
True
Is 263323 a composite number?
False
Is 309446 prime?
False
Is 257591 prime?
True
Is 7607 a composite number?
False
Is 1446817 prime?
False
Is 2719 prime?
True
Is 96149 a composite number?
False
Is 165337 composite?
True
Is 1647133 a prime number?
False
Is 69073 prime?
True
Is 1882598 prime?
False
Is 44141 composite?
True
Is 1847 a composite number?
False
Is 125063 prime?
True
Is 12023 a composite number?
True
Is 29411 prime?
True
Is 1685846 a composite number?
True
Is 445649 prime?
True
Is 4621 a prime number?
True
Is 54101 a prime number?
True
Is 473609 prime?
False
Is 54829 prime?
True
Is 2292333 composite?
True
Is 698078 a prime number?
False
Is 5631 a composite number?
True
Is 58309 prime?
True
Is 4189 a prime number?
False
Is 22871 a composite number?
False
Is 2569 a prime number?
False
Is 15767 a composite number?
False
Is 2477509 prime?
False
Is 14813 prime?
True
Is 7901 a prime number?
True
Is 4511 a prime number?
False
Is 787 a prime number?
True
Is 647783 prime?
True
Is 1271 a prime number?
False
Is 177623 prime?
True
Is 248635 prime?
False
Is 682583 prime?
False
Is 2785 a composite number?
True
Is 2503 a prime number?
True
Is 154799 composite?
False
Is 3631 composite?
False
Is 90053 a composite number?
False
Is 24441 prime?
False
Is 42866 composite?
True
Is 54335 prime?
False
Is 125699 a composite number?
True
Is 307357 a composite number?
True
Is 60619 prime?
False
Is 844273 composite?
True
Is 40505 composite?
True
Is 100447 a prime number?
True
Is 12937 a prime number?
False
Is 992843 prime?
True
Is 433651 a prime number?
True
Is 121331 a prime number?
False
Is 52243 a prime number?
False
Is 28421 prime?
False
Is 485647 prime?
True
Is 2974859 a composite number?
False
Is 3151 a composite number?
True
Is 1733 a composite number?
False
Is 14969 a prime number?
True
Is 2669 prime?
False
Is 224311 a composite number?
True
Is 211619 a prime number?
True
Is 474965 a composite number?
True
Is 28201 a composite number?
False
Is 32353 a prime number?
True
Is 1961 prime?
False
Is 15835 a prime number?
False
Is 5351 a prime number?
True
Is 414281 a composite number?
True
Is 237127 prime?
False
Is 5683 a prime number?
True
Is 19549 a prime number?
False
Is 451499 a composite number?
False
Is 59435 composite?
True
Is 3780281 a prime number?
True
Is 31813 a composite number?
True
Is 1577 a composite number?
True
Is 48851 a prime number?
False
Is 266039 composite?
True
Is 82939 a composite number?
False
Is 15889 composite?
False
Is 35051 composite?
False
Is 400189 prime?
False
Is 51379 a prime number?
False
Is 201751 a composite number?
True
Is 111091 prime?
True
Is 255787 composite?
True
Is 32411 prime?
True
Is 1617029 a composite number?
False
Is 89113 a prime number?
True
Is 23806 composite?
True
Is 9811 a composite number?
False
Is 5669 prime?
True
Is 10454 a composite number?
True
Is 22901 prime?
True
Is 549713 a prime number?
True
Is 46951 prime?
False
Is 11589 prime?
False
Is 2203 a composite number?
False
Is 132917 prime?
False
Is 50771 prime?
False
Is 331691 prime?
True
Is 867637 a composite number?
True
Is 21727 composite?
False
Is 1487917 a composite number?
False
Is 105454 prime?
False
Is 2001953 a composite number?
False
Is 403241 a composite number?
False
Is 65755 a composite number?
True
Is 31881 prime?
False
Is 17707 a prime number?
True
Is 565417 a composite number?
True
Is 11273 prime?
True
Is 1069 prime?
True
Is 1272697 a composite number?
True
Is 474909 prime?
False
Is 8509 a composite number?
True
Is 8414693 composite?
True
Is 2824387 a prime number?
True
Is 8039 prime?
True
Is 50413 composite?
True
Is 14137 prime?
False
Is 327647 composite?
False
Is 19937 a prime number?
True
Is 45481 composite?
False
Is 476281 prime?
False
Is 4751 a prime number?
True
Is 113863 a composite number?
True
Is 19709 a composite number?
False
Is 743 composite?
False
Is 20249 composite?
False
Is 43669 composite?
False
Is 15863 a prime number?
False
Is 35 a prime number?
False
Is 1342489 prime?
True
Is 465539 composite?
True
Is 129037 a composite number?
False
Is 1769 a composite number?
True
Is 3733471 prime?
False
Is 202663 composite?
True
Is 495037 a prime number?
True
Is 1332839 composite?
True
Is 174349 composite?
True
Is 624259 prime?
True
Is 26947 a composite number?
False
Is 4561 a composite number?
False
Is 175493 prime?
True
Is 841 prime?
False
Is 209822 prime?
False
Is 927961 a prime number?
True
Is 1408191 prime?
False
Is 7897 a prime number?
False
Is 136663 composite?
True
Is 38039 prime?
True
Is 670763 a composite number?
False
Is 397939 a prime number?
True
Is 87293 a prime number?
True
Is 8367 composite?
True
Is 2566747 prime?
True
Is 25367 a composite number?
False
Is 56011 composite?
True
Is 71317 composite?
False
Is 81922 prime?
False
Is 57